hen d is divided by (-72)/(-7) + 2/z?
9
Let f(j) = j**3 + 4*j**2 + 10*j - 55. What is the remainder when (146 - (-1 - -4)) + 1 + 2 is divided by f(3)?
32
Let c(t) = -t**2 + 2*t - 2. Let k be c(0). Let a be 2*-1 - k/(4/10). Suppose 0 = 5*m - a*m - 56. What is the remainder when 81 is divided by m?
25
Suppose 0 = -1033*t + 1020*t + 52. Let r = -9 + 4. Let i = r - -9. Calculate the remainder when t is divided by i.
0
Let r(w) = -6*w - 18. Let p(l) = 12*l + 38. Let i(f) = 4*p(f) + 9*r(f). Calculate the remainder when i(-14) is divided by 11.
8
Let s be ((-770)/(-18))/11 - (-2)/18. Suppose p - 68 = 5*q - s*q, -2*p - 3*q + 136 = 0. What is the remainder when p is divided by 38?
30
Calculate the remainder when (-1796)/6*(-3)/2 is divided by 76.
69
Let t(b) = -b**3 + 13*b**2 - 28*b + 58. Calculate the remainder when 236 is divided by t(10).
2
Let w = -87 - -111. Suppose j - 156 = -4*x + 58, -3*x + 160 = j. What is the remainder when x is divided by 1 - ((-24)/6 - w)?
25
Suppose -41*s + 3418 = 671. Let f be ((-3)/(-2) + -1)*6. Suppose -5*q = f*g - 10 - 1, 16 = 2*g - q. What is the remainder when s is divided by g?
4
Let o(b) = 5*b**2 + 2*b - 9. Suppose 3*u - 9 = 3*i, 4*i = 9 + 7. Suppose -3*t - u = -55. What is the remainder when t is divided by o(-2)?
2
Let x(z) = 5*z**2 - 2. Suppose 9*c - 416*m + 417*m = 241, -28 = -4*m. Calculate the remainder when x(-6) is divided by c.
22
Suppose -350*h + 344*h = -2418. Suppose -h = -9*y + 4*y + w, -3*y - 3*w = -249. What is the remainder when y is divided by -2 + (-2 - -26) + -1?
18
Suppose -78 = -10512*d + 10506*d. Calculate the remainder when 146 is divided by d.
3
Let p be ((-3)/(27/(-30)))/(2/(-144)). Let k(h) = -3*h**3 - 7*h**2 + h. What is the remainder when ((-8)/(p/378))/(6/20) is divided by k(-3)?
12
Suppose -2*c - 6 = 2*w, -9 = -2*c - 0*c + 3*w. Suppose c = -7*m + 2*m + 95. Suppose -21*z + m*z = -230. What is the remainder when z is divided by 29?
28
Suppose 7*j = 4*j + 39. Calculate the remainder when (5 - (-836)/(-66))*(-1 - 2) is divided by j.
10
Let l(z) = -3*z + 70. Let v(j) = 9*j - 194. What is the remainder when l(9) is divided by v(23)?
4
Let s(n) = -121*n + 11. What is the remainder when 270 is divided by s(0)?
6
Suppose -9*q - 3*q + 72 = 0. Let o(b) = 3*b - 9. Let z be o(q). Calculate the remainder when 25 is divided by (-4)/(-2) + (z - 2).
7
Let c = -17838 - -17927. Let f = -5 + 9. Suppose -u = -5*j + 3, -f*u + 3*j = 5*j - 32. What is the remainder when c is divided by u?
5
Suppose 47*d - 43*d = -36. Let b be 54/(-21)*84/d. Let p = 3 + b. Calculate the remainder when p is divided by 10.
7
Let s(z) = -z**3 - 7. Let l = 173 + -179. What is the remainder when s(l) is divided by 54?
47
Let n(g) = 38*g**2 + 1. What is the remainder when n(-1) is divided by (114/418)/((-5)/(-385))?
18
Let k = 355 - 351. Suppose -3*u + 101 = k*r, -u - 32 = -r + 2. Calculate the remainder when 36 is divided by r.
7
Suppose -1531 = -575*a + 4219. Calculate the remainder when 2692 is divided by a.
2
Let d(i) = i**3 - i + 233. Let m(h) = 5*h - 1055. Calculate the remainder when d(0) is divided by m(223).
53
Suppose 25*j + 226 = 29*j - 650. What is the remainder when j is divided by 219?
0
Suppose -42*y = -212 - 250. What is the remainder when 2528 is divided by y?
9
Let s(w) = 7 + 0 - w**3 - 2*w**2 - w - 1 + w**2. Let f be s(0). Suppose -9*t + f*t = -270. Calculate the remainder when t is divided by 23.
21
Calculate the remainder when (-1)/(9/(-198)) + 2983 is divided by 427.
16
What is the remainder when (-7)/(84/8)*17499/(-38) is divided by 40?
27
Let d = -2 + 139. Suppose 3*t - 207 = 3*n, 4*t - 281 = -386*n + 385*n. Calculate the remainder when d is divided by t.
67
Suppose -10*t + 68 = -14*t. Let j be 6/(-4)*(9 + t). Suppose 10*p + 84 = j*p. Calculate the remainder when p is divided by 11.
9
Let u = 155 - 145. Suppose -4*g - 6 = -2*r, u = 3*r - 2*g - 3*g. Suppose -4*c + 21 = 1. Calculate the remainder when r is divided by c.
0
Suppose -2*h - 4*r + 72 = 0, 15*r = 14*r - 1. Calculate the remainder when 3913 is divided by h.
37
What is the remainder when (-5*4/(-60) - 1)/(54/(-22113)) is divided by 35?
28
Suppose -158 = u + 5*a, -9*a - 158 = u - 8*a. Let x = -70 - u. Calculate the remainder when 258 is divided by x.
82
Let a = 70 + -63. Suppose -12*j = -13*j + a. What is the remainder when 153 is divided by j?
6
Let o = 12332 - 11232. Calculate the remainder when o is divided by 216.
20
Suppose 55 = 4*m - w - 23, 4*w + 46 = 2*m. Calculate the remainder when 718 is divided by m.
15
Let a(x) = -2*x**3 - 63*x**2 - 43*x - 38. Let d be a(-31). Suppose -4*q + d = -42. Calculate the remainder when q is divided by 48.
46
Let x(z) = -9*z - 4. Let m be x(-1). Suppose 0 = -m*w - 14 + 89. Calculate the remainder when 297 is divided by w.
12
Calculate the remainder when 753 is divided by (-6)/(-8 - 15/(-2)).
9
Let w(j) = 3*j**3 + 5*j**2 - 9*j + 3. Let v(p) = 6*p - 220. Let z be v(37). Calculate the remainder when 51 is divided by w(z).
22
Let k = -17 + 16. Let r be 506/(-8) - k/4. What is the remainder when (r/28)/(3/2)*-78 is divided by 30?
27
Let v = 97 - -29. Suppose 24*u - 18*u = v. What is the remainder when 119 is divided by u?
14
Let j = -1882 - -1932. Calculate the remainder when 4298 is divided by j.
48
Let t = -58 - -56. Let x be (-35 + t)*-1 - -1. Let g = x + -19. Calculate the remainder when g is divided by 8.
3
Suppose -14*q + 9*q = s - 20, 4*s + 20 = 5*q. Let j(r) = r**3 - 7*r**2 + 9*r + 18. Suppose h - 7 = 10. Calculate the remainder when h is divided by j(q).
5
Let h(b) = -b**3 + 11*b**2 - 13*b - 33. Let p = 1060 + -961. Calculate the remainder when p is divided by h(9).
3
Let a(f) = -2*f + 51. Let r be a(24). Let j = 11 + r. Calculate the remainder when j is divided by 14.
0
Suppose 3*f + 46*o = 48*o + 291, 3*f = 3*o + 291. Let h = 4 - 2. Suppose 2*r + 2*s = 68, 2*r + 2*r - h*s = 130. Calculate the remainder when f is divided by r.
31
Suppose -5312 = -3*u + 4*i, -109*u + 2*i = -113*u + 7112. Calculate the remainder when u is divided by 441.
12
Let l(p) = 3*p**2 - 16*p - 14. Calculate the remainder when l(8) is divided by 21 + -8 + (3 - -1).
16
Let f = -18068 - -18110. What is the remainder when 467 is divided by f?
5
Suppose 4*a - 16962 = 2*g, -1592 = 3*a - g - 14310. What is the remainder when a is divided by 8?
5
Suppose 2*d - p - 19 = -0*d, -5*d + 40 = 5*p. What is the remainder when 419 is divided by d?
5
Suppose u - 4*c + 102 = 3*u, -c = u - 53. Let y(t) = 3*t**2 + 2*t - 29. Let i be y(4). Suppose 28 = 29*g - i*g. What is the remainder when u is divided by g?
13
Let q(v) = 25*v**2. Suppose -2*o + 200 = -2*j, 4*j = -2*o + 51 + 137. Suppose 196 = 3*k - k - c, k - 3*c = o. What is the remainder when k is divided by q(-1)?
23
Let m(i) = -304 - 96 - 10 + 55*i. What is the remainder when m(12) is divided by 36?
34
Suppose -o - 117 = -3*y, 0 = -56*y + 59*y + o - 123. What is the remainder when 197 is divided by y?
37
What is the remainder when 52 is divided by 43 + ((-266)/(-190))/((-2)/10)?
16
Suppose -4*b = -4*n + 8, n - 15*b = -11*b - 7. Let d = 89 + -64. Suppose 90 = n*c + d. Calculate the remainder when 51 is divided by c.
12
What is the remainder when -12*(165/(-9) + 11) is divided by 6?
4
Let k = -308 - -323. Suppose -5*m + 1640 = k*m. Calculate the remainder when 320 is divided by m.
74
Let a(h) = 42*h**2 - 129*h + 44. Calculate the remainder when a(6) is divided by 381.
20
Let i be (-14)/(-6) - (-14 + 828/54). Calculate the remainder when 30/(-54) + i - (-2028)/54 is divided by 90/4 - 2/4.
16
Let g(i) = i - 18. Let k be g(0). Let w be (-34)/(-9) - k/81. Suppose -7*a + w*a + 51 = 0. Calculate the remainder when 66 is divided by a.
15
Calculate the remainder when 171 is divided by 36/(-7)*399/(-38).
9
Let c = 10 + 359. Calculate the remainder when c is divided by 64.
49
Let g be ((-216)/14)/(18/(-63)). Suppose 5*n = -10, 2*c - 6 = c - 5*n. Suppose c = 2*b - g. Calculate the remainder when 102 is divided by b.
32
Let k(j) = j**2 - 143*j - 1485. What is the remainder when k(-33) is divided by 32?
3
Let l(b) be the second derivative of -b**4/12 - 13*b**3/6 + 35*b**2/2 - 26*b. Let j be l(-15). Calculate the remainder when 43 - -5*(j + -6) is divided by 16.
6
Let o(u) = 4*u**2 - 160*u - 5550. Calculate the rem